*3 + 5*h**2 + 4. Let m be n(5). Suppose 4*x - 8*x = b, -m*x - 3*b = 0. Let y = 25 - x. Is y prime?
False
Let w(x) = -x**2 + 6*x - 2. Let j be w(6). Is (3 - 1 - j) + 27 prime?
True
Let l(w) = -10*w + 5. Suppose -2 = 2*q + 8. Is l(q) a prime number?
False
Suppose 0*o = 2*o - 438. Let u = o - 117. Is (5 - -1)*u/12 composite?
True
Let m be (-2 - -3)/(2/(-34)). Let q = 28 + m. Is q composite?
False
Let r(v) = -v**3 - 2*v**2 + 5*v - 2. Let s be r(-4). Let m be 414/s + (-4)/10. Let j = m + -22. Is j a composite number?
False
Let b(x) = 20 - x - 19 + 19 + 13. Is b(0) a prime number?
False
Suppose 4*l - 584 = 588. Is l prime?
True
Let v(f) = -2*f**3 + f**2 - f - 5. Is v(-7) composite?
True
Suppose 0 = -7*x - 3377 + 12904. Is x a prime number?
True
Suppose 276 = -4*y - 0*p - 4*p, -3*p + 3 = 0. Let u = y - -128. Let o = 137 - u. Is o a prime number?
True
Suppose -2*l = -m - 426, -3*m = -2*m - 4. Is l a composite number?
True
Let t(q) = 5*q**2 - 2*q - 1. Let w be 120/(-28) - 4/(-14). Is t(w) composite?
True
Let l be 2 - 3 - -4 - -57. Is 15/l - (-294)/8 a prime number?
True
Let z = -232 - -567. Is z a prime number?
False
Suppose 0 = -2*k + 4*b + 4254, 6*b - 4289 = -2*k + 3*b. Is k composite?
False
Let d(y) = -y**3 + 20*y**2 - 16*y + 21. Is d(18) prime?
False
Suppose -z - 3*z = 4*p, -z + 9 = -2*p. Let f be 2*z/(-12)*-24. Is (f/(-16))/((-1)/12) prime?
False
Let w(x) = x**3 - 5*x**2 - 6*x + 5. Let p be w(6). Suppose 1 = p*l - 14. Suppose k - l*j - 31 = -k, -4*j + 43 = 5*k. Is k prime?
True
Suppose 31 = 3*s + 13. Let q = 8 - s. Is (-89)/(2 - (5 - q)) prime?
True
Suppose -m - 10 = -5*o, -2*m + 4*o - 14 = -6. Is 57 - -1*(m + 1) a prime number?
False
Is (458/4)/((-4)/(-56)) prime?
False
Let k(h) = 120*h - 23. Is k(15) composite?
False
Let b = -99 - -210. Suppose -1181 + b = -2*v. Is v a composite number?
True
Let m(x) = 73*x**2 - 4*x + 1. Is m(-2) a composite number?
True
Let y(k) = 4*k - 1. Is y(8) prime?
True
Suppose 11*r = 6*r + 635. Is r composite?
False
Suppose -2*j + 5*j + 303 = 0. Suppose 2*v + 112 = -2*f, -46 = f - 0*f - 4*v. Let p = f - j. Is p composite?
False
Suppose 3*x = 5*v + 26, 3*x + 2*v + 2 = -0*v. Let j be ((-2)/(-3))/((-10)/(-45)). Suppose -j*f + 55 = x*f. Is f a composite number?
False
Let d(u) = -u**2 - 6*u + 5. Let k be d(-6). Suppose b - 3*o = 127, 3*b - k*o - 310 = 71. Is b a prime number?
True
Suppose -177 = -4*f + f. Is f prime?
True
Let x(b) be the second derivative of 3*b**4/4 + 5*b**3/3 - 3*b**2/2 + 2*b. Let z be x(-7). Suppose 0 = 3*j - z + 101. Is j prime?
True
Let y(c) = -2*c + 4*c - 12 + 5*c - 5*c. Let q be y(8). Suppose -3*n = 2*m - 239, q*m + 5*n - 229 = 2*m. Is m a prime number?
True
Let k(s) = -s**2 - 5*s. Let f be k(-3). Let j = f - 4. Suppose j*m - 294 = -56. Is m composite?
True
Is (3 + -2)/(2/62) a prime number?
True
Suppose -16 = 4*g, 2651 + 1088 = 3*n + 5*g. Is n composite?
True
Let q(c) = 27*c**2 - 4*c - 1. Is q(-3) a prime number?
False
Let c(r) = -4*r + 7. Is c(-9) prime?
True
Let a(h) = h**2 - 10*h - 1. Let s be a(7). Let f = 75 + s. Is f a composite number?
False
Suppose -27 = -j + 94. Is j composite?
True
Let f(u) = u**2 - 16*u + 25. Is f(-20) a composite number?
True
Is 295 - (-2)/(-6)*0 prime?
False
Suppose 3*y - 11 = 3*a - 4*a, -y + 5*a = -9. Suppose -94 = y*u + 278. Let o = u - -170. Is o a prime number?
False
Let c(n) be the third derivative of -7*n**4/12 - n**3/6 + n**2. Suppose 2*i + 12 = 2. Is c(i) prime?
False
Let x(v) = -14*v**3 - 1. Let g = -4 + 3. Let f be g + 0*(-2)/4. Is x(f) a prime number?
True
Let u(w) = -22*w + 7. Suppose -5*b + 4*t - 35 = 0, -5*b - 14 = -3*b + 4*t. Let x be u(b). Let m = -102 + x. Is m composite?
False
Let p(v) = 18 + 3 + 12*v - 4. Is p(6) a composite number?
False
Let x(u) = -4*u**2 - 5*u + 42. Let h(l) = -2*l**2 - 3*l + 21. Let k(p) = -7*h(p) + 3*x(p). Is k(-10) prime?
False
Suppose 5*l + 5*m + 27 - 277 = 0, 4*m = -12. Is l a prime number?
True
Let f = -573 - -311. Let j be -1*438 - (4 - 3). Let b = f - j. Is b composite?
True
Let o(w) = -3*w**2 + 6*w - 6. Let z be o(7). Let n = z + 214. Suppose -3*i + n = 5*f, -3*f + i + i + 77 = 0. Is f a composite number?
False
Let b(y) be the second derivative of -21*y**3 - 7*y**2/2 + y. Is b(-5) a composite number?
True
Let d = -83 - -220. Let l = d + -94. Is l a prime number?
True
Suppose 0*f = f - 127. Is f composite?
False
Let d be ((-3)/2)/((-12)/272). Suppose 8 = 2*p - 2*u, 4*u - d = -p - 15. Is p prime?
True
Let u = 6 + 1. Is u a composite number?
False
Suppose 5944 - 14814 = -2*k + m, 0 = -4*k + 5*m + 17740. Is k a prime number?
False
Suppose 0*k + k = 4*w - 8685, 3*w + 2*k - 6511 = 0. Is w a prime number?
False
Suppose -6*k = -k - 5. Let t(q) = 5*q**2 + 2*q**2 + k + 3*q**2. Is t(4) prime?
False
Is 4484/10 + (-1 - 24/(-15)) a composite number?
False
Suppose 4*g - 34 = 42. Is g a composite number?
False
Let n(o) = 3*o**3 + o**2 - o + 1. Let p be n(1). Suppose -r - 3 = -2*r. Suppose r*d = -4*t + 8*d + 342, p*t + 5*d = 322. Is t a prime number?
True
Suppose 4*z - 10729 = -3*x, -x + 2*z + 14276 = 3*x. Is x a prime number?
True
Let z(v) = v**3 - 3*v**2 - 3*v - 4. Let l be z(4). Suppose 0 = -l*x - 2*x - 6. Is (3 + 1)*x/(-4) a prime number?
True
Let r(u) = u**3 - 3*u**2 + 10*u - 1. Is r(7) a prime number?
False
Is 50610/16 - (-1)/(-8) a prime number?
True
Let k(q) = 8*q**2 + 2*q + 3. Let h be k(4). Suppose 5*u - 1259 = -3*x - 259, -5*u + 5*x + 960 = 0. Let m = u - h. Is m a composite number?
True
Let r(l) = -2*l**3 - 10*l**2 - 2*l + 11. Is r(-9) prime?
True
Suppose 0 = 6*n - n - 1825. Is n a prime number?
False
Suppose -4*i + 6 + 46 = 0. Let h be (-7)/2*(-1 - 1). Let j = i - h. Is j a composite number?
True
Let i = 598 - 387. Is i a composite number?
False
Suppose 3*i - 756 = -2*u + 7*u, 502 = 2*i - 4*u. Is i composite?
False
Suppose 157 = -4*l + 5*l. Is l a prime number?
True
Let f be (37 - -1)*11/22. Suppose 4 = -2*b - 2*b + 3*r, -r + 14 = 5*b. Suppose -f = -h + b. Is h a composite number?
True
Let a = 12115 - 7698. Is a a composite number?
True
Let s(n) = -n**2 - 8*n - 1. Let o be s(-8). Is 53 - (o - -1)/3 a composite number?
False
Let u(l) = 3*l**2 - 2*l - 2 + 3*l + l. Let c(x) = x**2 - 6*x + 4. Let j be c(4). Is u(j) a composite number?
True
Let g(h) = 4*h**2 - 4*h - 1. Is g(10) composite?
False
Let n(p) = p**2 + 12*p - 2. Is n(18) composite?
True
Suppose 3*b - b + 4 = 0, -2*p + 4*b = -126. Is p prime?
True
Suppose 0*z = f + 2*z - 10, f + 3*z = 13. Suppose -f*d = -5*d. Suppose d = -5*b - o + 219, 3*b - 117 = 5*o - 2*o. Is b composite?
False
Let v be 48*((-68)/12 + 3). Let a = v - -185. Is a composite?
True
Is (631/2)/(16/32) a composite number?
False
Suppose -4*a = -331 - 265. Is a a composite number?
False
Let o(u) = 154*u**2 - 4*u + 3. Is o(2) a prime number?
False
Suppose 4*y + 3*h - 3632 = 0, -1828 = -5*y - 5*h + 2707. Is y a prime number?
True
Suppose 2*d = 4*d + 2. Let x = 2 + d. Let g(z) = 13*z. Is g(x) a prime number?
True
Let r(o) = -115*o - 8. Is r(-3) a composite number?
False
Let a(z) = 13*z**2 - 3*z + 7. Is a(7) composite?
True
Let d(x) = x**3 + 5*x**2 - 2*x + 9. Is d(-5) composite?
False
Let d be (4/(-8))/((-1)/654). Suppose -3*z - 5*m + 224 = 0, d = 4*z - m + 2*m. Is z a composite number?
False
Let j(z) be the third derivative of 7*z**4/8 - 7*z**3/6 + 10*z**2. Suppose 11 = -5*c + 41. Is j(c) composite?
True
Suppose 31 = 5*c + 2*u, -4*u + 7 = 3*c - 20. Suppose -22 = c*o - 7. Is (o/(-4))/(4/16) prime?
True
Let h = -284 - -655. Is h prime?
False
Let f(z) = -3*z**2 + 18*z - 5. Let k(a) = 4*a**2 - 27*a + 8. Let n(l) = -7*f(l) - 5*k(l). Let p be (1 - 0)*-2*6. Is n(p) a prime number?
True
Let m(w) = 131*w**3 - w**2 + 2*w - 1. Is m(1) prime?
True
Suppose 5*w - 4*z = 2689, 4*w + z = -0*z + 2168. Is w composite?
False
Suppose -9 = -4*m + 7. Suppose y = -m*y + 50. Is y prime?
False
Suppose 2*o + 2*w = 70, -w - 24 = 5*o - 199. Is o a prime number?
False
Let t = -8 - 1. Suppose -3*n - 4 = 5*k, 0 = 2*k - 0*n - 2*n - 8. Let h = k - t. Is h prime?
False
Let z be (2/(-4))/((-2)/236). Let n = 14 + z. Let l = n - 14. Is l composite?
False
Suppose -2*v + 219 = -3*k, 4*k - 184 = -2*v + 14. Let h = -44 + 6. Let z = h + v. Is z prime?
True
Suppose -224*y + 2179 = -223*y. Is y a prime number?
True
Let n(b) = -4*b**2 + 6 + 5*b**2 - b - 11.